alculate the greatest common factor of 234 and 18.
18
What is the greatest common factor of 90 and 7875?
45
What is the greatest common factor of 160 and 280?
40
What is the highest common divisor of 14 and 10178?
14
What is the greatest common divisor of 25432 and 88?
88
Calculate the highest common divisor of 32 and 1208.
8
Calculate the greatest common divisor of 41850 and 20.
10
Calculate the greatest common divisor of 530 and 1696.
106
What is the highest common factor of 8 and 1576?
8
What is the highest common factor of 180 and 342?
18
What is the highest common divisor of 24909 and 69?
69
What is the greatest common divisor of 182 and 26?
26
Calculate the greatest common factor of 36 and 2280.
12
Calculate the greatest common divisor of 750 and 40.
10
Calculate the greatest common divisor of 264 and 66.
66
What is the greatest common factor of 152 and 114?
38
What is the greatest common factor of 10 and 1030?
10
What is the highest common factor of 150 and 15?
15
What is the highest common divisor of 153 and 1343?
17
What is the highest common divisor of 14 and 1169?
7
What is the highest common divisor of 15 and 1835?
5
Calculate the highest common factor of 296 and 518.
74
What is the highest common factor of 1464 and 40?
8
What is the greatest common divisor of 112 and 728?
56
Calculate the greatest common divisor of 81 and 36.
9
Calculate the greatest common factor of 1155 and 21.
21
Calculate the greatest common divisor of 253 and 276.
23
What is the greatest common divisor of 459 and 54?
27
Calculate the greatest common factor of 7101 and 189.
27
Calculate the highest common factor of 47 and 423.
47
Calculate the highest common divisor of 133 and 35.
7
What is the highest common divisor of 1833 and 39?
39
Calculate the highest common divisor of 69 and 27623.
23
What is the highest common factor of 748 and 2584?
68
Calculate the greatest common divisor of 572 and 130.
26
Calculate the greatest common divisor of 104 and 32.
8
Calculate the highest common factor of 280 and 252.
28
What is the greatest common divisor of 2201 and 124?
31
What is the greatest common factor of 21 and 8589?
21
What is the highest common divisor of 3 and 14?
1
Calculate the highest common divisor of 1824 and 144.
48
Calculate the greatest common divisor of 162 and 2214.
54
What is the greatest common factor of 16128 and 240?
48
What is the highest common divisor of 18 and 648?
18
Calculate the highest common factor of 2 and 247.
1
What is the highest common factor of 10 and 1690?
10
Calculate the highest common factor of 11403 and 63.
63
Calculate the highest common divisor of 184 and 2001.
23
What is the highest common factor of 1190 and 210?
70
Calculate the highest common divisor of 90 and 54.
18
Calculate the highest common divisor of 133 and 38.
19
What is the greatest common factor of 516 and 12?
12
What is the greatest common divisor of 108 and 7479?
27
What is the highest common divisor of 59 and 27553?
59
Calculate the greatest common divisor of 13 and 169.
13
Calculate the highest common divisor of 24 and 408.
24
What is the highest common factor of 92 and 1150?
46
Calculate the highest common factor of 3 and 44481.
3
What is the highest common divisor of 6953 and 17?
17
What is the greatest common divisor of 117 and 221?
13
What is the greatest common divisor of 266 and 98?
14
What is the greatest common factor of 33 and 407?
11
Calculate the highest common divisor of 6 and 1014.
6
What is the greatest common divisor of 185 and 37?
37
What is the highest common divisor of 5208 and 14?
14
What is the highest common divisor of 2 and 134?
2
Calculate the highest common divisor of 4529 and 98.
7
Calculate the highest common divisor of 1035 and 45.
45
Calculate the highest common factor of 48 and 304.
16
Calculate the highest common divisor of 650 and 20.
10
Calculate the greatest common factor of 180 and 80.
20
Calculate the greatest common factor of 1501 and 1729.
19
Calculate the highest common divisor of 303 and 33.
3
What is the highest common divisor of 43 and 731?
43
Calculate the highest common divisor of 4 and 2828.
4
What is the highest common factor of 8 and 56?
8
What is the highest common divisor of 8 and 36?
4
What is the highest common factor of 13056 and 6?
6
Calculate the highest common factor of 52 and 1196.
52
What is the highest common factor of 804 and 24?
12
What is the highest common divisor of 564 and 987?
141
Calculate the greatest common divisor of 2 and 83.
1
Calculate the highest common factor of 117 and 104.
13
Calculate the highest common factor of 32 and 5584.
16
Calculate the greatest common factor of 4619 and 149.
149
What is the highest common divisor of 36594 and 18?
18
Calculate the highest common divisor of 2584 and 760.
152
Calculate the highest common divisor of 75 and 15.
15
What is the greatest common factor of 12924 and 108?
36
Calculate the highest common factor of 7 and 413.
7
Calculate the greatest common factor of 58 and 609.
29
Calculate the greatest common factor of 8 and 1096.
8
Calculate the greatest common divisor of 23 and 91.
1
What is the highest common divisor of 22 and 7073?
11
Calculate the highest common factor of 104 and 169.
13
What is the greatest common factor of 17 and 1003?
17
What is the greatest common divisor of 216 and 240?
24
What is the highest common divisor of 684 and 36?
36
Calculate the highest common divisor of 1118 and 52.
26
Calculate the highest common divisor of 227 and 109868.
227
Calculate the greatest common divisor of 75 and 1395.
15
Calculate the highest common factor of 78 and 3666.
78
What is the greatest common divisor of 48 and 12?
12
What is the highest common factor of 217 and 224?
7
Calculate the greatest common factor of 738 and 164.
82
Calculate the highest common divisor of 40 and 110.
10
What is the highest common divisor of 4 and 14?
2
Calculate the highest common divisor of 38 and 361.
19
What is the highest common factor of 927 and 288?
9
What is the highest common factor of 650 and 250?
50
What is the greatest common divisor of 64 and 184?
8
Calculate the highest common divisor of 114 and 874.
38
What is the greatest common factor of 2000 and 16?
16
What is the greatest common factor of 24 and 24?
24
Calculate the greatest common factor of 234 and 195.
39
Calculate the highest common divisor of 4 and 596.
4
Calculate the greatest common divisor of 1355 and 7046.
271
Calculate the highest common factor of 3485 and 595.
85
What is the highest common factor of 5049 and 187?
187
Calculate the greatest common factor of 672 and 21.
21
Calculate the highest common divisor of 1001 and 4576.
143
What is the highest common factor of 810 and 30?
30
What is the greatest common divisor of 11320 and 40?
40
What is the highest common factor of 540 and 420?
60
Calculate the highest common factor of 63 and 1218.
21
Calculate the greatest common divisor of 14094 and 116.
58
Calculate the highest common factor of 45 and 35.
5
Calculate the greatest common divisor of 9904 and 208.
16
Calculate the highest common divisor of 11079 and 9.
9
Calculate the greatest common factor of 27 and 864.
27
Calculate the highest common divisor of 7 and 23.
1
Calculate the highest common divisor of 754 and 13.
13
What is the greatest common divisor of 247 and 532?
19
What is the highest common factor of 92 and 356?
4
What is the greatest common divisor of 102 and 153?
51
What is the greatest common factor of 2928 and 1830?
366
What is the highest common divisor of 11661 and 338?
169
What is the greatest common factor of 112 and 1036?
28
What is the greatest common factor of 209 and 253?
11
What is the highest common divisor of 187 and 2941?
17
Calculate the highest common divisor of 130 and 1885.
65
What is the greatest common factor of 39 and 481?
13
Calculate the greatest common factor of 2 and 13.
1
Calculate the greatest common factor of 4566 and 1.
1
Calculate the greatest common divisor of 44 and 572.
44
What is the highest common divisor of 1792 and 14?
14
What is the greatest common divisor of 25 and 1400?
25
Calculate the highest common factor of 425 and 100.
25
Calculate the greatest common factor of 12991 and 22.
11
What is the greatest common divisor of 738 and 18?
18
Cal